{"id":61,"date":"2014-11-11T03:15:38","date_gmt":"2014-11-11T03:15:38","guid":{"rendered":"http:\/\/www.orogenetics.org\/?page_id=61"},"modified":"2023-03-05T06:28:33","modified_gmt":"2023-03-05T06:28:33","slug":"news","status":"publish","type":"page","link":"http:\/\/www.orogenetics.org\/?page_id=61","title":{"rendered":"news"},"content":{"rendered":"<p><strong>LONG OVERDUE UPDATE March 2023<\/strong><br \/>\n<strong>Currently heading to Nepal for a couple months &#8211; March 2023. <\/strong><br \/>\n<strong>Aug-Nov 2022 &#8211; I completed a three month course in Punakha, Bhutan &#8211; teaching Sonic-Arts as an introduction to Sound Engineering.&nbsp; <\/strong><br \/>\n<strong>During 2021-2022 &#8211; was touring around in deserts and wilderness of Colorado, Arizona, New Mexico and Utah &#8211; and was caretaker for Choying Dzong Gompa at Crestone Colorado for four months over the winter of 2021-22.<\/strong><\/p>\n<hr>\n<p><strong>2018<br \/>\nNext up sound work around Kathmandu with Luna Poets &#8216;Expression Expedition&#8217; &#8211; March 18\u201428.&nbsp; <\/strong><\/p>\n<p><strong>Furthering into 2018 &#8211; I intend to research other places to present my listening sessions, sound research and other projects in India (likely going to Sikkim, Delhi, Himachal, Goa, Kerala) as well as Nepal.<\/strong><\/p>\n<p><strong>There will be a couple projects with Amnesiac Films later in the year back in West Bengal<\/strong><\/p>\n<p><strong>Keep posted on <a href=\"https:\/\/www.facebook.com\/northam.michael\" target=\"_blank\" rel=\"noopener\">Facebook<\/a> and\/or the <a href=\"https:\/\/www.facebook.com\/groups\/103459720182518\/\" target=\"_blank\" rel=\"noopener\">&#8216;Breaking Open the Ear&#8217;<\/a> page.<\/strong><\/p>\n<hr>\n<p><strong>February 2018<br \/>\n<\/strong><\/p>\n<p><img data-recalc-dims=\"1\" loading=\"lazy\" decoding=\"async\" src=\"https:\/\/i0.wp.com\/www.orogenetics.org\/wp-content\/uploads\/2018\/02\/IMG_1468.jpg?resize=223%2C223\" class=\"alignleft wp-image-1055\" alt=\"\" width=\"223\" height=\"223\" srcset=\"https:\/\/i0.wp.com\/www.orogenetics.org\/wp-content\/uploads\/2018\/02\/IMG_1468.jpg?resize=150%2C150 150w, https:\/\/i0.wp.com\/www.orogenetics.org\/wp-content\/uploads\/2018\/02\/IMG_1468.jpg?resize=300%2C300 300w, https:\/\/i0.wp.com\/www.orogenetics.org\/wp-content\/uploads\/2018\/02\/IMG_1468.jpg?resize=1024%2C1024 1024w, https:\/\/i0.wp.com\/www.orogenetics.org\/wp-content\/uploads\/2018\/02\/IMG_1468.jpg?resize=50%2C50 50w, https:\/\/i0.wp.com\/www.orogenetics.org\/wp-content\/uploads\/2018\/02\/IMG_1468.jpg?w=1280 1280w, https:\/\/i0.wp.com\/www.orogenetics.org\/wp-content\/uploads\/2018\/02\/IMG_1468.jpg?w=1920 1920w\" sizes=\"auto, (max-width: 223px) 100vw, 223px\" \/><\/p>\n<p><img data-recalc-dims=\"1\" loading=\"lazy\" decoding=\"async\" src=\"https:\/\/i0.wp.com\/www.orogenetics.org\/wp-content\/uploads\/2018\/02\/santiniketan-posterFEB2018.jpg?resize=640%2C418\" class=\"alignright size-large wp-image-1056\" width=\"640\" height=\"418\" alt=\"\" srcset=\"https:\/\/i0.wp.com\/www.orogenetics.org\/wp-content\/uploads\/2018\/02\/santiniketan-posterFEB2018.jpg?resize=1024%2C669 1024w, https:\/\/i0.wp.com\/www.orogenetics.org\/wp-content\/uploads\/2018\/02\/santiniketan-posterFEB2018.jpg?resize=300%2C196 300w, https:\/\/i0.wp.com\/www.orogenetics.org\/wp-content\/uploads\/2018\/02\/santiniketan-posterFEB2018.jpg?w=1980 1980w, https:\/\/i0.wp.com\/www.orogenetics.org\/wp-content\/uploads\/2018\/02\/santiniketan-posterFEB2018.jpg?w=1280 1280w, https:\/\/i0.wp.com\/www.orogenetics.org\/wp-content\/uploads\/2018\/02\/santiniketan-posterFEB2018.jpg?w=1920 1920w\" sizes=\"auto, (max-width: 640px) 100vw, 640px\" \/><\/p>\n<p>Currently presenting work and developing projects with students of Santiniketan, Kala Bhavana in West Bengal, India.<\/p>\n<p>The works are first an introduction to my particular applications to sound art &#8211; as an expressive medium of ephemeral experience as well as an entry point for developing awareness.<\/p>\n<p>Projects will range from deep listening sessions, exploration of surface texture\/patterns, improvisation with objects and spaces, field recording and sound poetry and other topics that the students will inevitably churn up.<\/p>\n<p>My intention then is to offer a series of concentrated listening sessions at the NANDAN museum on campus as well as to offer a series of activities and discussion opportunities at the Center for interdisciplinary Arts throughout the month of February.<\/p>\n<p>On the 3rd of March the students and myself will create an outdoor diffusion of sound works &#8211; with performative and site-specific elements.<\/p>\n<p>&nbsp;<\/p>\n<hr>\n<p><strong>December&nbsp; 2015 &#8211; January 2018<br \/>\n<\/strong><\/p>\n<p>This period was a moment of research between relative isolation in the USA where I began a focused study of Vajrayana with teachers such as Dzogchen Ponlop Rinpoche, Khenpo Tswang Dongyal Rinpoche, Dr. Nida Chenagtsang and finally working at the Garchen Institute in Arizona with H.E. Garchen Rinpoche and the Sangha there.<\/p>\n<hr>\n<p><strong>November&nbsp; 2016 &#8211; March 2017<br \/>\n<\/strong><\/p>\n<p>I managed to travel to India &#8211; where I began work with live &#8216;in-situ&#8217; sonic explorations of temples, producing &#8216;intertwining&#8217; with ChiMuk and others at HH Artspaces in Apora, Goa, participated in KIPAF2017 in Kolkata and gave workshops at Ashoka University in New Delhi and at the Vaayu space in Goa.<\/p>\n<hr>\n<p><strong>March&nbsp; 2016<\/strong><\/p>\n<p><img data-recalc-dims=\"1\" loading=\"lazy\" decoding=\"async\" src=\"https:\/\/i0.wp.com\/www.orogenetics.org\/wp-content\/uploads\/2014\/11\/mn2016.jpg?resize=150%2C150\" class=\"alignleft size-thumbnail wp-image-329\" width=\"150\" height=\"150\" alt=\"mn2016\" srcset=\"https:\/\/i0.wp.com\/www.orogenetics.org\/wp-content\/uploads\/2014\/11\/mn2016.jpg?resize=150%2C150 150w, https:\/\/i0.wp.com\/www.orogenetics.org\/wp-content\/uploads\/2014\/11\/mn2016.jpg?resize=50%2C50 50w, https:\/\/i0.wp.com\/www.orogenetics.org\/wp-content\/uploads\/2014\/11\/mn2016.jpg?zoom=2&amp;resize=150%2C150 300w, https:\/\/i0.wp.com\/www.orogenetics.org\/wp-content\/uploads\/2014\/11\/mn2016.jpg?zoom=3&amp;resize=150%2C150 450w\" sizes=\"auto, (max-width: 150px) 100vw, 150px\" \/><\/p>\n<p>Two and a half years of relative retreat in the hills of the Siskiyou hills of southern Oregon &#8211; has provoked a fascinating germination process.&nbsp; No internet at home, limited social contact, and a rich daily practice has lead me to a new situation and restart.&nbsp;&nbsp; Moving now for my last summer in the hills before the next adventures begin &#8211;&nbsp; provoking a goal to put online a vast amount of archives and new experiments &#8211; as well as notes and reflections.&nbsp; Expect then to see this site grow &#8211; as well as new public presentations of my work happening here and there.<\/p>\n<p>&nbsp;<\/p>\n<hr>\n<h1>UPDATING &#8211; <a href=\"https:\/\/michaelnortham.bandcamp.com\/\" target=\"_blank\" rel=\"noopener\">personal bandcamp<\/a>, <a href=\"https:\/\/orogenetics.bandcamp.com\/\" target=\"_blank\" rel=\"noopener\">NEW orogenetics bandcamp<\/a>, <a href=\"https:\/\/www.youtube.com\/channel\/UCz0XQqfnLQvztD-vom9TdVA\" target=\"_blank\" rel=\"noopener\">youtube<\/a><\/h1>\n<hr>\n<p>&nbsp;<\/p>\n<p><strong>January &nbsp;2015<\/strong><\/p>\n<p><img data-recalc-dims=\"1\" loading=\"lazy\" decoding=\"async\" src=\"https:\/\/i0.wp.com\/www.orogenetics.org\/wp-content\/uploads\/2014\/10\/IMG_0230.jpg?resize=300%2C225\" class=\"alignleft size-medium wp-image-78\" width=\"300\" height=\"225\" alt=\"IMG_0230\" srcset=\"https:\/\/i0.wp.com\/www.orogenetics.org\/wp-content\/uploads\/2014\/10\/IMG_0230.jpg?resize=300%2C225 300w, https:\/\/i0.wp.com\/www.orogenetics.org\/wp-content\/uploads\/2014\/10\/IMG_0230.jpg?resize=1024%2C768 1024w, https:\/\/i0.wp.com\/www.orogenetics.org\/wp-content\/uploads\/2014\/10\/IMG_0230.jpg?w=2048 2048w, https:\/\/i0.wp.com\/www.orogenetics.org\/wp-content\/uploads\/2014\/10\/IMG_0230.jpg?w=1280 1280w, https:\/\/i0.wp.com\/www.orogenetics.org\/wp-content\/uploads\/2014\/10\/IMG_0230.jpg?w=1920 1920w\" sizes=\"auto, (max-width: 300px) 100vw, 300px\" \/><\/p>\n<p>Have been living for over a&nbsp;year along Anderson Creek in the Siskiyou Mountains of Southern Oregon.<\/p>\n<p>It&#8217;s been a powerful year of completely new experiences making a marked shift from my past 12 years of traveling and making sound-art in Europe.<\/p>\n<p>Slowly now I am re-integrating these two different ways of living &#8211; and beginning to create new works and plan new projects. &nbsp;Part of which is the re-development of this website &#8211; Please have patience &#8211; will include a lot of new content and reflections.<\/p>\n<p>&nbsp;<\/p>\n<hr>\n<p>&nbsp;<\/p>\n<p style=\"text-align: center\"><strong>Summer&nbsp; 2014<\/strong><\/p>\n<figure id=\"attachment_65\" align=\"alignleft\" width=\"300\"><a href=\"https:\/\/i0.wp.com\/www.orogenetics.org\/wp-content\/uploads\/2014\/10\/photo-5-copy.jpg\"><img data-recalc-dims=\"1\" loading=\"lazy\" decoding=\"async\" src=\"https:\/\/i0.wp.com\/www.orogenetics.org\/wp-content\/uploads\/2014\/10\/photo-5-copy.jpg?resize=300%2C293\" class=\"size-medium wp-image-65\" width=\"300\" height=\"293\" alt=\"chasse &#038; northam on shasta\" srcset=\"https:\/\/i0.wp.com\/www.orogenetics.org\/wp-content\/uploads\/2014\/10\/photo-5-copy.jpg?resize=300%2C293 300w, https:\/\/i0.wp.com\/www.orogenetics.org\/wp-content\/uploads\/2014\/10\/photo-5-copy.jpg?resize=1024%2C1000 1024w, https:\/\/i0.wp.com\/www.orogenetics.org\/wp-content\/uploads\/2014\/10\/photo-5-copy.jpg?w=1040 1040w\" sizes=\"auto, (max-width: 300px) 100vw, 300px\" \/><\/a> On Location recording with Loren Chasse on Mt. Shasta &#8211; these sessions are the seeds of or new collaboration.<\/figure>\n<p style=\"text-align: center\">Since I have moved back to Oregon, I&nbsp;have been making occasional&nbsp;sessions with <a href=\"http:\/\/lorenchasse.blogspot.com\/p\/loren-chasse.html\" target=\"_blank\" rel=\"noopener\">Loren Chasse<\/a> who comes down from Portland to visit me with his family from time to time. &nbsp;At the moment &#8211; there are some things fermenting, being re-worked, destined eventually for a new collaborative album.<\/p>\n<hr>\n<p style=\"text-align: center\"><strong>April&nbsp; 2014<\/strong><\/p>\n<figure id=\"attachment_75\" align=\"alignleft\" width=\"426\"><a href=\"http:\/\/www.orogenetics.org\/?p=93\" target=\"_blank\" rel=\"noopener\"><img data-recalc-dims=\"1\" loading=\"lazy\" decoding=\"async\" src=\"https:\/\/i0.wp.com\/www.orogenetics.org\/wp-content\/uploads\/2014\/10\/mn_cama.jpg?resize=426%2C502\" class=\"size-full wp-image-75\" alt=\"mn_cama\" width=\"426\" height=\"502\" srcset=\"https:\/\/i0.wp.com\/www.orogenetics.org\/wp-content\/uploads\/2014\/10\/mn_cama.jpg?w=426 426w, https:\/\/i0.wp.com\/www.orogenetics.org\/wp-content\/uploads\/2014\/10\/mn_cama.jpg?resize=254%2C300 254w\" sizes=\"auto, (max-width: 426px) 100vw, 426px\" \/><\/a> Live immersive sound field presented in Mumbai, India April 2014.<\/figure>\n<hr>\n<figure id=\"attachment_403\" aria-describedby=\"caption-attachment-403\" style=\"width: 300px\" class=\"wp-caption alignleft\"><img data-recalc-dims=\"1\" loading=\"lazy\" decoding=\"async\" src=\"https:\/\/i0.wp.com\/www.orogenetics.org\/wp-content\/uploads\/2014\/11\/sept.jpg?resize=300%2C261\" class=\"size-medium wp-image-403\" width=\"300\" height=\"261\" alt=\"\" srcset=\"https:\/\/i0.wp.com\/www.orogenetics.org\/wp-content\/uploads\/2014\/11\/sept.jpg?resize=300%2C261 300w, https:\/\/i0.wp.com\/www.orogenetics.org\/wp-content\/uploads\/2014\/11\/sept.jpg?w=600 600w\" sizes=\"auto, (max-width: 300px) 100vw, 300px\" \/><figcaption id=\"caption-attachment-403\" class=\"wp-caption-text\">My latest published recording: LE SEPTI\u00c8ME D\u00c9GUIS\u00c9 EN NEUF<\/figcaption><\/figure>\n<hr>\n<p style=\"text-align: center\"><iframe loading=\"lazy\" src=\"https:\/\/w.soundcloud.com\/player\/?url=https%3A\/\/api.soundcloud.com\/tracks\/135729329&#038;color=%23ff5500&#038;auto_play=false&#038;hide_related=false&#038;show_comments=true&#038;show_user=true&#038;show_reposts=false&#038;show_teaser=true&#038;visual=true\" scrolling=\"no\" width=\"100%\" height=\"300\" frameborder=\"no\"><\/iframe><\/p>\n<p>&nbsp;<\/p>\n","protected":false},"excerpt":{"rendered":"<p>LONG OVERDUE UPDATE March 2023 Currently heading to Nepal for a couple months &#8211; March [&hellip;]<\/p>\n","protected":false},"author":2,"featured_media":465,"parent":2,"menu_order":0,"comment_status":"closed","ping_status":"closed","template":"","meta":{"ngg_post_thumbnail":0,"jetpack_post_was_ever_published":false,"footnotes":""},"class_list":["post-61","page","type-page","status-publish","has-post-thumbnail","hentry"],"jetpack_sharing_enabled":true,"jetpack_shortlink":"https:\/\/wp.me\/P5ktUH-Z","_links":{"self":[{"href":"http:\/\/www.orogenetics.org\/index.php?rest_route=\/wp\/v2\/pages\/61","targetHints":{"allow":["GET"]}}],"collection":[{"href":"http:\/\/www.orogenetics.org\/index.php?rest_route=\/wp\/v2\/pages"}],"about":[{"href":"http:\/\/www.orogenetics.org\/index.php?rest_route=\/wp\/v2\/types\/page"}],"author":[{"embeddable":true,"href":"http:\/\/www.orogenetics.org\/index.php?rest_route=\/wp\/v2\/users\/2"}],"replies":[{"embeddable":true,"href":"http:\/\/www.orogenetics.org\/index.php?rest_route=%2Fwp%2Fv2%2Fcomments&post=61"}],"version-history":[{"count":10,"href":"http:\/\/www.orogenetics.org\/index.php?rest_route=\/wp\/v2\/pages\/61\/revisions"}],"predecessor-version":[{"id":3275,"href":"http:\/\/www.orogenetics.org\/index.php?rest_route=\/wp\/v2\/pages\/61\/revisions\/3275"}],"up":[{"embeddable":true,"href":"http:\/\/www.orogenetics.org\/index.php?rest_route=\/wp\/v2\/pages\/2"}],"wp:featuredmedia":[{"embeddable":true,"href":"http:\/\/www.orogenetics.org\/index.php?rest_route=\/wp\/v2\/media\/465"}],"wp:attachment":[{"href":"http:\/\/www.orogenetics.org\/index.php?rest_route=%2Fwp%2Fv2%2Fmedia&parent=61"}],"curies":[{"name":"wp","href":"https:\/\/api.w.org\/{rel}","templated":true}]}}